 -z**3 + 3*z**2 - 3*z + 3. Give o(t).
1
Let q be (-2)/2 + 10 + -6. Suppose 2*d = -f - q, -d = 4*f + d - 6. Suppose 22 = f*i + 7. Let n(y) = y - 4. Determine n(i).
1
Suppose 3*k + 2*o + o = 6, 5*o - 12 = -4*k. Let l be 0 - 2 - k - -2. Let a(m) = 0*m**3 - m + 0*m - l*m**2 + m**3 - 2*m**3. Calculate a(-1).
0
Let x(h) be the third derivative of h**6/120 + h**5/5 + h**4/2 - h**3/3 + h**2 - 14. Give x(-11).
-13
Let i(p) = p - 9. Let v = 22 - 17. Give i(v).
-4
Let t(r) be the second derivative of 0 - 1/12*r**4 + 5/2*r**2 + 5/6*r**3 + 2*r. Calculate t(5).
5
Let c(d) = -d + d - d + 7 - 4. Suppose -2*n = -2 - 10. Give c(n).
-3
Suppose 3*z - 2 = -g, 1 = -z - 0. Let h be (3/2)/(2/4). Let l(v) = 7 + h*v**3 - 7*v**2 + 3*v**2 - 2*v**3 - 7*v. Give l(g).
-3
Suppose -v - 3*r = -8 + 19, 3*v - 2*r = 0. Let n(a) be the second derivative of a**4/4 + 2*a**3/3 + a**2 + a. Determine n(v).
6
Let k(q) be the first derivative of 7*q**2 + q + 29. What is k(-1)?
-13
Let n(v) = v**3 - 3*v**2 - 3*v + 4. Suppose -2*x = -5*x + 15. Suppose -x*d + 0*p + 5*p + 40 = 0, -1 = -2*d - p. Calculate n(d).
-5
Let l(z) = -z - 5. Suppose -4*b - 10 = 14. Determine l(b).
1
Let j be ((-3)/(-4))/((-1)/(-4)). Let h(u) = 6*u**3 + 24*u - 4. Let x(m) = 7*m**3 + m**2 + 28*m - 5. Let i(c) = 6*h(c) - 5*x(c). What is i(j)?
-5
Let j(x) = 4012 - 4009 + 0*x + 11*x. Give j(-2).
-19
Suppose 0*z = -4*u - 4*z + 20, u + 1 = 5*z. Let y(j) = u*j**2 - 2*j**2 - j**2 + 7 + 0*j**2 - 7*j. What is y(6)?
1
Let u be (3 + -1)*(-15)/(-6). Let r(i) be the second derivative of -i**3/6 + 2*i**2 - i. Determine r(u).
-1
Suppose 0 = 14*a - 3*a. Let w(u) = u**3 - u**2 - u - 14. Calculate w(a).
-14
Let v(f) = -3*f**3 - f**2 + 2*f - 1. Suppose -j + 6*j = -80. Let y(c) = -c**3 - 15*c**2 - 27*c - 12. Let i be y(-13). Let d be (i/(-2))/(8/j). Calculate v(d).
-3
Let o(y) be the third derivative of y**5/60 + y**4/8 - y**3/3 - y**2. Suppose 3*q - 8 = 5*q. Calculate o(q).
2
Let n(c) = c - 35 + 7 + 15. Calculate n(7).
-6
Let r(k) = 5*k - 2. Let n(f) = 7*f - 4. Let i(y) = -2*n(y) + 3*r(y). Let u be (-88)/(-14) + (-2)/7. What is i(u)?
8
Let z(h) be the third derivative of -h**7/840 - h**6/90 + h**5/20 - 5*h**4/24 + h**3/6 - 3*h**2. Let o(x) be the first derivative of z(x). What is o(-5)?
-10
Let x = -4 - -8. Suppose x*q = 11 + 5. Let h(b) = q - 5*b - b**2 - 6 + 3. Calculate h(-4).
5
Let r(t) = 3*t + 18. Let y(o) = 13*o + 73. Let k(g) = -9*r(g) + 2*y(g). Determine k(0).
-16
Let u(x) = x**3 - 6*x**2 + 6*x - 5. Suppose 2*i = 5*t - i - 34, 2*t + 3*i - 1 = 0. Determine u(t).
0
Let j(o) = o**2 + 4*o - 3. Let q(y) = -y**3 + 8*y**2 + y + 2. Let r be q(8). Let a be (-8)/r*15/(-2). Suppose 4*d = a - 22. Give j(d).
-3
Let t = 16 - 13. Let n(l) be the third derivative of 1/12*l**4 + 0 - 1/2*l**t + 2*l**2 + 0*l. What is n(4)?
5
Let t(q) = -q**3 + 3*q**2 - 2*q. Suppose 0 = -2*o + 9 - 1. Suppose 2 = m + w, -w = -o*m + 9 - 1. Give t(m).
0
Let c(z) = -z**2 - 7*z - 2. Let j be (-1 + (-3 - 0))*(-3)/(-2). Determine c(j).
4
Let b(v) = -v**3 + 8*v**2 + v - 6. Let i = 9 - 1. Calculate b(i).
2
Let j(g) = g**3 + 13*g**2 - 6*g + 5. Let n(w) = -2*w**3 - 25*w**2 + 11*w - 9. Let s(c) = 11*j(c) + 6*n(c). Give s(-7).
1
Suppose -4*k = -4*r - 32, 5*r - 4*k + 41 = 6. Let u(b) = 2*b + 1. What is u(r)?
-5
Let h(j) = 2*j - 5. Suppose 0 = 7*p + 8 + 27. Determine h(p).
-15
Let b(c) be the second derivative of c**3/6 + c**2/2 + 2*c. Let q be b(-4). Let i(j) = j**3 + 5*j**2 + 4*j + 2. Determine i(q).
8
Let y(f) = -3*f + 7*f - f**2 - 3*f - f**3 - 3. Determine y(0).
-3
Let j = 205 + -200. Let f(c) = c**2 - 10*c + 2. Give f(j).
-23
Let i(k) = -k**2 + 7*k. Suppose 1 = 3*l - 4*j - 11, -4*j + 28 = 2*l. What is i(l)?
-8
Let z(i) = -i**3 - 4*i**2 + 6*i - 1. Let j(r) = 2*r**3 + 8*r**2 - 11*r + 2. Let h(f) = 6*j(f) + 11*z(f). What is h(-3)?
10
Let o(n) = -11*n**2 - 1. Let y(w) = w**2 + 9*w + 13. Let x be y(-7). Determine o(x).
-12
Suppose -5*r - 61 = -151. Let m = 2 + r. Suppose o = 3*o + j + 5, 4*j - m = 0. Let t(f) = f**2 + 3*f + 2. What is t(o)?
12
Let j(z) = -z**3 + 7*z**2 - 2*z - 4. Let i(p) = p**3 - p**2 + 1. Let v(u) = 5*i(u) + j(u). Give v(1).
5
Let z(k) = -k**2 + 7*k + 1. Let u = 19 - 12. What is z(u)?
1
Suppose 2*o = -2*o + 4. Let y = 1 - o. Let k(v) = -3 + 2*v - 3*v + 0. Determine k(y).
-3
Let h(o) = -2*o**3 + 20*o**2 + 21*o + 6. Let x be h(11). Let c(g) = -g + 1. What is c(x)?
6
Let z(d) = d + 3. Let o be z(-2). Let i(n) be the first derivative of 7*n**3/3 + n**2/2 + 2. What is i(o)?
8
Let p(i) = -9*i. Let r(t) = t. Let m(h) = -p(h) - 6*r(h). What is m(2)?
6
Let n(x) = -7*x - 8. Let t(h) = 4 + 3*h - h + h. Let b(u) = -2*n(u) - 5*t(u). Determine b(-3).
-1
Suppose -l - 4*z = -0*l - 10, 0 = z - 4. Let h(j) be the first derivative of j**2 + 7*j - 6. Give h(l).
-5
Let o(r) = -5*r + 2*r**2 - r**2 - 2 - 1 - 2*r**2. Let x be o(-4). Let c(a) = a**2 - a + 1. Let w(k) = 6*k**2 - 4*k + 3. Let p(q) = -2*c(q) + w(q). Give p(x).
3
Let n(w) = -w**2 - w. Let p(k) = -k**3 + 5*k**2 + 6*k + 5. Let b be p(6). Suppose -b = -5*c, 0 = 3*t + 3*c - 1 - 5. Calculate n(t).
-2
Let v(a) = -9*a**3 - 5*a**2 - 7*a + 8. Let f(r) = 5*r**3 + 3*r**2 + 4*r - 4. Let g(t) = -11*f(t) - 6*v(t). Let m = -5 + -2. Let d = m - -4. What is g(d)?
2
Let z = -7 + 7. Let q = z - 0. Let w(j) = -4 + 9 - j + 3. What is w(q)?
8
Suppose 0 = -3*j - 1 + 7. Let p = 3 + j. Let d(o) = -o**2 + 8*o - 6. Calculate d(p).
9
Suppose -31 + 37 = 3*v. Let k(y) = -2*y**3 + 2*y**2 - 3*y + 1. What is k(v)?
-13
Let g = 36 + -26. Let c = -14 + g. Let d = c - 2. Let x(b) = b**2 + 6*b - 1. Determine x(d).
-1
Let b(k) = 2*k + 7. Let p = -8 + 3. Let i(g) = g + 4. Let j(y) = p*i(y) + 3*b(y). Suppose 5*d + 52 - 27 = 0. Calculate j(d).
-4
Let n(h) = -9*h - 67. Let x be n(-8). Let u(s) = -s**3 + 5*s**2 - s. Calculate u(x).
-5
Let s(d) = d**3 + 6*d**2 + 2*d + 8. Suppose 2*j + x + 14 = 0, 4*j + 26 = -3*x + 2*x. Give s(j).
-4
Let w(k) = k**2 - 6*k - 2. Let j = -21 - -26. Calculate w(j).
-7
Let i(m) be the first derivative of -m**4/4 - 4*m**3 - 9*m**2/2 + 15*m + 55. What is i(-11)?
-7
Let f be -3*(-1)/6*6. Let d(b) = -f*b - b**2 + 2*b - 12*b**3 + 13*b**3. Suppose 5*z + 5 = 0, 2*z = -0*i - i - 2. Determine d(i).
0
Suppose 3*l + 18 = g, 3*g + 4*l + 28 = 5*g. Let f(v) = 5*v - 5. Calculate f(g).
25
Suppose 0 = 4*z - 22 - 6. Suppose 5*f = 3*d + z, -3*d - 2*f = -d + 10. Let t(p) = -p - 3. Determine t(d).
1
Let r(f) = -3 - 7*f + f + f + f. Calculate r(4).
-19
Let g(x) = x**2 - 6*x + 3. Suppose -2*l = -3 - 5. What is g(l)?
-5
Let f(w) = -w**2 - 6*w + 1. Let x be f(-5). Let g(y) = 3*y - 3. Calculate g(x).
15
Let b(z) = -z + 1. Suppose v + k + 12 = -3*k, 2*k + 18 = v. Suppose -g - v = g. Let i be (6/g - -3)*-2. Give b(i).
4
Let i = -5 + 0. Let b(f) = f**2 + 6*f. Give b(i).
-5
Let q(b) be the second derivative of 1/12*b**4 - 5/6*b**3 + 5/2*b**2 + 0 - b. Determine q(5).
5
Let s(k) = 3*k**3 + 2*k**2 - k - 2. Let a(w) = 4*w**3 + 2*w**2 - w - 3. Let m be (1 - -2)*(1 + -2). Let g = m - -6. Let l(f) = g*s(f) - 2*a(f). What is l(-2)?
2
Let d = 0 - -3. Let b be 6/(9/d) - 4. Let x(f) = -f**2 - 2*f - 2. Give x(b).
-2
Let x = 22 + -6. Let p be x/(-6)*6/4. Let s(h) = 1 - 2*h - 5 + 0 + 0. Give s(p).
4
Let h(m) = 11*m. Let r(q) = -5*q. Let t(w) = -2*h(w) - 5*r(w). Let u be -3 + (1 - (-6 - -3)). What is t(u)?
3
Let w(x) be the second derivative of -x**3/3 + 2*x**2 - x. Suppose 8 = 3*d + 2. Let m(k) = k + 1. Let n be m(d). Determine w(n).
-2
Let u(y) = -y**2 + 7*y - 2. Suppose 15 = 3*h + l, -5*l = 4*h - 2*h + 3. Give u(h).
4
Let i(a) be the first derivative of -2*a**2 + 3. Suppose 0 = 4*q + g - 7 + 5, g = 2*q - 4. What is i(q)?
-4
Let q(c) be the first derivative of c**5/40 - c**4/24 - 5*c**3/3 - 1. Let y(o) be the third derivative of q(o). Determine y(3).
8
Let j = 37 - 43. Let r(v) = -v**3 - 6*v**2 + v + 4. Give r(j).
-2
Let l(g) = -g - 1. Suppose 0 = -3*s + 9. Let a(c) = 3 + 4*c + 2 - 2*c - s. Let t(r) = -6*a(r) - 14*l(r). Give t(-3).
-4
Let n be 6 - ((-3)/(-1) + -1). Let a = n - 2. Let x(q) = -q + 0*q**2 + q**2 - q + 3*q**a - 1. What is x(-1)?
5
Let d(m) = m**2 + 3*m**2 + 3*m + 3*m**3 + 2 - 2*m**3. Give d(-3).
2
Let h(f) = -11*f**2 - 2*f. Let u(v) = -22*v**2 - 3*v. Let r(b) = -5*h(b) + 3*u(b). What is r(1)?
-10
Let d(r) = -3*r**2 + r + 1. Let n be d(-1). Let j be 0/((-3 - -4) + 0)